 37. Suppose 2*v = -r*m + 54, v - 23 = -j*m + 26. What is the tens digit of m?
2
Let a(k) = -2301*k + 2925. What is the tens digit of a(-7)?
3
Let k be (-1 + -67)*(-4 + (-14)/(-4)). Let l be -4 + (-19)/(-4) + k/8. Suppose 2*w + 4*m - 72 = 0, -23 = -w - l*m + 13. What is the tens digit of w?
3
Let b(n) = n**3 - 9*n**2 + 16*n - 8. Let r be b(7). Let z be (1 + (-50)/6)/(r/99). What is the units digit of (z/(-3))/((-2)/(-6))?
1
Let j(x) = 20*x**2 + 88*x - 111. What is the thousands digit of j(-22)?
7
What is the thousands digit of (2 + -3105)/((-54)/108)?
6
Let m(l) = 4*l**3 - l**2 - l. Let f be m(0). Suppose -3*h = -2*d - 3998, 2*h - 2*d + 3*d - 2677 = f. What is the tens digit of h?
3
Let a(p) = -223*p**3 - 5*p**2 + 18*p + 85. What is the hundreds digit of a(-4)?
2
Suppose 17*k + 20 = 22*k. Suppose k*o = 2*p + 660, 4*o + 3*p + 165 = 5*o. What is the tens digit of o?
6
Let i = 98 - -171. Let t = 279 - i. What is the tens digit of t?
1
Let c = -12909 - -13152. What is the hundreds digit of c?
2
Let u = -43 + 76. Let q be 104*(12/20 - u/30). What is the units digit of 2 - (q*1 - 4)?
8
Suppose 0 = d - 38613 + 1164. What is the thousands digit of d?
7
Let n(i) be the third derivative of -127*i**6/20 - i**5/20 + 7*i**4/24 + 3*i**3/2 - 140*i**2. What is the units digit of n(-1)?
1
Let u = -94 + 100. Let l(p) = 4*p**3 - 8*p**2 - 2*p + 7. Let j be l(u). Let r = j - 303. What is the hundreds digit of r?
2
Let v be 1846/156 + (-1 - 7/(-6)). Suppose -4320 - 3912 = -v*p. What is the hundreds digit of p?
6
What is the tens digit of -2 + -4 + -1 - 13294/(-1)?
8
Let g = -1256 + 16572. What is the hundreds digit of g?
3
Suppose 5*z = a + 7, -5*a = -4*z - a - 4. Suppose 3*o - 5*w - 353 = 0, -6*w = -7*w + z. What is the units digit of o?
1
Let c(x) = -x**3 - 5*x**2 - 5*x - 35. Let a be c(-5). What is the tens digit of 2/a + 2 + 11312/10?
3
Suppose -4*h = -6*h + 604. Let v = h + 5. What is the hundreds digit of v?
3
Let f be (-3)/2*(800/(-12))/(-5). What is the units digit of 767/2 + (-10)/f?
4
Suppose 25*z - 23*z = -3*b + 107154, 4*b + 2*z = 142872. What is the hundreds digit of b?
7
Let q(z) = 148*z**2 - 7*z + 141*z**2 - 286*z**2 + 10. Let t(d) = -8*d - 1. Let u be t(-1). What is the units digit of q(u)?
8
Let r = 81 + -81. Suppose -18 = -2*m - r*m. Suppose k = -m*k + 590. What is the tens digit of k?
5
What is the units digit of (-52)/(-182) + (-11448)/(-63)?
2
Let s(z) be the third derivative of 2*z**5/15 - z**4/6 + 7*z**3/2 + 16*z**2. What is the tens digit of s(-4)?
6
Suppose -3*p = -3*x - 2*p + 3203, 4*x - 4268 = 2*p. Let l = x + -508. What is the tens digit of l?
6
Let h(i) = -37 - 330*i + 68 - 30. What is the tens digit of h(-2)?
6
Let p(x) = 347*x**3 - 9*x**2 + 37*x - 118. What is the tens digit of p(4)?
9
Let q(i) be the first derivative of -i**4/4 + 4*i**3 + 15*i**2/2 - 25*i + 1. Suppose 709*c + 183 = 798*c - 885. What is the hundreds digit of q(c)?
1
Let d be (-7)/14*(0 - 772)/1. Suppose 7*s - 3081 = -d. What is the tens digit of s?
8
Let v be 49/(-3) + 4 - 1/(-3). Let a(h) = -17*h - 17. What is the hundreds digit of a(v)?
1
Let w be (-1)/(2*1/(-194)). Suppose 657*s - 647*s = 240. What is the tens digit of (-2*w)/(s/(-12))?
9
What is the hundreds digit of (-3927250)/(-1610) - 5/(35/2)?
4
Let k = 45 - -57. What is the tens digit of (-1 - 3) + k + 1?
9
Suppose 0 = -5*n + 2*v + 702, -33*n + 3*v = -36*n + 438. Let g = -8 - -11. Suppose j + 3*l - n = 57, 2*j + g*l = 413. What is the hundreds digit of j?
2
Suppose 6*a - 3 = 63. Let y be (-22)/a - -1*43. Suppose 2*f = -f - 2*r + y, f = 4*r - 5. What is the tens digit of f?
1
What is the thousands digit of (8895/4)/((170/8500)/(4/30))?
4
Suppose 0 = -y - 2*w + 27222, 5*y - 214*w = -217*w + 136145. What is the units digit of y?
2
Let k(o) = -53*o**3 + 19*o**2 + 19*o + 41. What is the units digit of k(-7)?
8
Suppose 4*i = -4*a + 5*a - 6640, -19976 = -3*a - 2*i. What is the units digit of a?
6
Suppose -4*m - 1184 + 4068 = 0. Let q = 3204 - 3196. Suppose -q*l + 511 = -m. What is the hundreds digit of l?
1
Suppose a = 13422 + 3182. Suppose -23*d + a = 4575. What is the units digit of d?
3
What is the tens digit of -7 - (6221 - -11)/(-2)?
0
Let d = 6 + -4. Suppose -6*p - d + 20 = 0. Suppose -460 = -2*a + 4*l, 0*l = -p*a + 2*l + 670. What is the units digit of a?
0
Let z be (2 + -2 + -1)*-3. Let p = -1947 - -2027. Suppose -4*b + 4*x = -p, z*x - 80 = -5*b + 44. What is the tens digit of b?
2
Let g = -11884 + 37832. What is the ten thousands digit of g?
2
Let q(t) = -32*t**2 + 14*t - 55. Let p be q(-11). Let w = -2318 - p. What is the hundreds digit of w?
7
Suppose -40*y + 45*y = 5. Suppose -3*p + 2*r = 3*r + 9, 0 = -2*p + r - 11. What is the tens digit of 11/((-1)/p*y)?
4
Let v be ((-24)/28)/((-17)/28798). Let t = 2075 - v. What is the hundreds digit of t?
6
Suppose -222274 - 982048 + 132152 = -30*g. What is the tens digit of g?
3
Suppose 2*k - 660 = 64. Suppose -x + k = 5*t, 173 - 1883 = -5*x - 5*t. Suppose 83 = 7*n - x. What is the units digit of n?
0
Let z(n) = 2*n**2 + 15*n + 141. Let h be z(-8). Let j = h + -147. What is the units digit of j?
2
Suppose 32 = 3*f + 13*f. Suppose 3*y + 3 - 6 = 0, 417 = f*h - 3*y. What is the hundreds digit of h?
2
Suppose 4*s + 796 = -0*s. Let y = 15168 + -15149. Let i = y - s. What is the tens digit of i?
1
Let n be (-4)/(-14) + 329/49. Let b(i) = i**2 - 7*i + 6. Let u be b(n). Suppose -u*j + 3*j + 171 = 0. What is the units digit of j?
7
Suppose 392*g - 300244 = 364*g. What is the tens digit of g?
2
Suppose 158*q - 163*q + 10 = 0. Suppose 3*a - 7*a + 4*d + 1272 = 0, 4*a - 1260 = -q*d. What is the hundreds digit of a?
3
Suppose 5*i + 3*u + 26 = i, -5*i - 46 = -3*u. Let p(n) be the third derivative of n**5/60 - n**4/8 - 8*n**3/3 + 5*n**2 - 4. What is the tens digit of p(i)?
7
Suppose -2*j = 2 - 4. Let m be (-38)/(-4) + ((-3)/(-6) - j). Let u = 43 + m. What is the units digit of u?
2
Let f(u) = -474*u + 1. Suppose -11*a - 10*a = 21. What is the hundreds digit of f(a)?
4
Let i = -20290 + 36799. What is the hundreds digit of i?
5
Let c = 344 + 2939. What is the tens digit of c?
8
Let n = 263 + -261. Suppose -n*u + 5*d + 36 = -u, -d = 2*u - 17. What is the units digit of u?
1
What is the ten thousands digit of 469/(-335) + 219468/20?
1
Suppose 4*w = -g + 4888, -3*g + 3372 + 11238 = 3*w. What is the units digit of g?
4
Let m(w) = 87*w**2 - 6*w + 45. What is the hundreds digit of m(-14)?
1
Let j(q) = 10*q**3 - 208*q**2 - 13*q - 105. What is the thousands digit of j(28)?
5
Let w = -12025 + 14024. What is the tens digit of w?
9
Let p = 154 + -152. Suppose 5*n + 863 = 3*s - s, -p*s + 3*n = -865. What is the tens digit of s?
3
Let z = -15 - -12. Let w(x) = -16*x + 1. Let m be w(z). Suppose 510 = -44*d + m*d. What is the hundreds digit of d?
1
Suppose -3017 = -2*z - 2*x - x, 2*z = 4*x + 2996. Let h = z - 878. What is the units digit of h?
6
Let d = -4666 - -8001. What is the units digit of d?
5
Suppose 8 = 6*m - 4. Suppose 0 = -3*l + m*p + 3*p + 1915, 0 = l + 3*p - 657. What is the hundreds digit of l?
6
Let k be 3/(-3 - 0)*1 + 1. Suppose 3*i + 5*n - 189 = k, n + 9 = 4*n. Suppose -4*z - i = -306. What is the units digit of z?
2
Suppose 20*u - 36279 - 102721 = 0. What is the hundreds digit of u?
9
Let y = -5855 - -10869. What is the thousands digit of y?
5
Suppose 5*s - s = -2280. Let p = -329 - s. Suppose 173 = 6*r - p. What is the tens digit of r?
6
Suppose 0 = 8*j - 92 + 36. Suppose 2*t = j*t - 120. What is the tens digit of t?
2
Let i be ((1 + -2)/(-3) + -1)*-48. Suppose 3*l + n + 3*n = 18, -3*l + 3 = -n. Suppose 2*s - 37 = 5*r + i, 4*s + l*r = 174. What is the units digit of s?
2
Suppose 600 = 10*z + 130. Suppose 10*a - 3 = z. What is the units digit of a?
5
Let p = 25736 - 15066. What is the thousands digit of p?
0
Let d(i) = 5*i**3 + 5*i**2 - 27*i + 12. Let k be d(5). Let q = k + -407. What is the hundreds digit of q?
2
Let k(x) = x**2 + 5*x - 33. Let y be k(-9). Suppose 0 = -5*t + 10, -7*r + y*r - 2*t + 1800 = 0. What is the units digit of r?
9
Suppose 11010 = 101*s - 100*s + 5*q, 55010 = 5*s + 5*q. What is the ten thousands digit of s?
1
What is the thousands digit of (3/9)/(94/2105412)?
7
Let y(b) = 8*b**2 - 18*b + 18. Suppose -2*w + 3 = 7, -4*g = 4*w - 24. What is the hundreds d